8*q + 52*q + 9*q**2 + 314*q**2 + 18*q**2 - 28*q. Is a(f) a prime number?
False
Suppose -3*r + 4*o + 43 = 0, o + 13 = 2*r - 14. Let f(u) = 13 + 96*u**2 - 87*u**2 + u**3 - 20*u**2 - 14*u. Is f(r) a prime number?
False
Let l = -19619 + 30025. Suppose p = -2*p - 12, 2*h + 2*p = 0. Is 2/h*l/11 a prime number?
False
Let a = 161 - 159. Suppose 0 = 4*z - 2*u - 1863 - 1021, 1430 = a*z + 2*u. Is z a composite number?
False
Suppose -111*j + 104*j = 0. Suppose j = 2*i - 1142 - 1156. Is i a composite number?
True
Suppose 35*a - 7*a = -5931660. Is 7/70 + a/(-50) prime?
False
Let g = -70008 - -327109. Is g prime?
False
Let f(p) = 17*p**2 - 23*p + 23. Let r be f(-12). Let l = r - -279. Suppose 10*x - l = 764. Is x a prime number?
True
Suppose m = -5, -582*m + 578*m - 51783 = -p. Is p prime?
False
Let c be 373/((-845)/(-2835) + 4/(-14)). Let f be -36254*5/(-10) + 0. Suppose l - f = -2*l + w, 5*l = 2*w + c. Is l a composite number?
True
Suppose -g = -4*g. Suppose -x - 8 = -g*x - 4*w, -3*w = 2*x - 6. Suppose -5*r + b + 645 = -b, x = 3*r - 5*b - 406. Is r a prime number?
True
Let q(y) = y**3 - 6*y**2 + 13*y - 239. Is q(14) composite?
False
Is (-42)/18 - (20984366/(-303) + (-12)/(-2)) a composite number?
False
Let d be 1 + (52 - (-2 - 2)). Let u = 348 + d. Suppose 2*v = c + 636 + u, 5*c - 5 = 0. Is v composite?
False
Let n = -226 + 332. Let f(r) = -47*r - n*r + 12*r. Is f(-1) composite?
True
Let h(m) = -2*m**3 - 24*m**2 - 32*m - 26. Let v be h(-22). Suppose -2*r + 5170 = -4*u + 8*u, -4*r + u + v = 0. Is r a prime number?
False
Let n = -1905 - -10220. Is n a composite number?
True
Suppose 3*a - 1166 = -2*l + 4*l, 1528 = 4*a + 4*l. Suppose 0 = -n + 5*q + a, 0 = n - 2*q - q - 386. Is n prime?
False
Let c(g) = -23*g - 105. Suppose i - 2*v = -44, -3*i + v = 4*v + 87. Is c(i) a prime number?
True
Let f(c) = 29*c**3 + 3*c**2 - 19*c - 5. Let u be f(7). Suppose -u = -11*m + 3761. Suppose 5*j = 3*t + 23 - m, 5*t - 2*j - 2059 = 0. Is t a prime number?
False
Let a = 14 + -12. Is (-1)/(46475/(-208611) - a/(-9)) prime?
True
Suppose 885*d - 882*d + 12008 = j, 0 = 5*j + d - 60120. Is j a composite number?
True
Let o(v) = 2229*v**2 + 188*v - 4130. Is o(21) prime?
False
Let i(k) = -2252*k + 5. Let d be i(-5). Let j = 22876 - d. Suppose j = 4*r + 3*a, -5856 = -5*r - 3*a + 8654. Is r a composite number?
True
Let w(n) be the second derivative of 13*n**4/3 + 2*n**3/3 + 25*n**2/2 - 14*n - 6. Is w(-7) a prime number?
False
Let w be (48/10)/(8/20). Suppose -4*i - w = 2*y - 44, -3*y + 27 = -i. Let a(o) = o**3 - 7*o**2 + 19. Is a(y) a prime number?
False
Let c(v) = 50*v**2 - 35*v + 229. Let o be c(15). Let l = -1161 + o. Is l a prime number?
False
Let p be -1 + 4 - 0/11. Suppose -p*f + 1558 = 301. Suppose -t = -2*t + f. Is t a composite number?
False
Let i(d) be the second derivative of 887*d**3/6 - 17*d**2/2 + 23*d. Let s(w) = -888*w + 15. Let f(q) = 4*i(q) + 3*s(q). Is f(3) a prime number?
False
Let j be (-4)/(27/33 - 1). Suppose -j*z + 2879 = -21*z. Is z composite?
False
Suppose 751*h = 690*h + 9273647. Is h composite?
False
Is 1*(6 + (-99)/22)*(-723670)/(-3) a composite number?
True
Let c(f) = 9*f**2 + 31*f + 34. Let j be c(-13). Let m = 2191 - j. Is m prime?
True
Suppose 493*j = 496*j. Suppose -2*l + 2*v + 2948 = j, -4*v + 2*v + 5914 = 4*l. Is l composite?
True
Let b = -181 + -75. Let l = b + 493. Is l a composite number?
True
Suppose -115 = -15*l + 50. Suppose l*o - 2*o = 54. Suppose 5*y - m = 1633, -2*y - 3*m = -o*m - 648. Is y prime?
False
Let k = -18032 + 21989. Is k prime?
False
Let s(q) = 94*q**2 + 13*q - 82. Let l be s(8). Let a = l + -1921. Is a a composite number?
True
Let f(y) = 95*y**3 - 8*y**2 + 130*y - 62. Is f(13) a prime number?
True
Suppose 3827*u = 3790*u + 88781759. Is u a composite number?
True
Let t(c) = 64*c + 43. Let m(o) = 129*o + 88. Let x(w) = -3*m(w) + 7*t(w). Let h be x(-22). Let f = -804 - h. Is f a prime number?
False
Let p be ((-8)/3 - 1 - -4)*-6. Let j be (32 + 4)/3 + (p - 2). Let i(c) = 325*c + 9. Is i(j) a prime number?
True
Suppose -2*k - 4*b - 15 = -41, 3*k = 3*b + 39. Suppose k*u - 1462 = 11*u. Is u prime?
False
Suppose 4*f - 265 = -0*f + 5*q, 0 = 5*q - 15. Let y = f - -145. Suppose 685 = 3*a - 0*a + 4*x, -y = -a + 2*x. Is a a prime number?
True
Let s = 97 + -92. Suppose -12*w = -7*w - s*n - 205, -2*n - 190 = -5*w. Let v = -22 + w. Is v composite?
True
Suppose -3*o + 225 = -48*o. Let n(g) = 80*g**2 + 11*g + 16. Is n(o) prime?
False
Let g(d) = 2*d**3 + d**2 - 3*d - 5. Let v be 60/14 + (8/(-28) - 0). Let q be v + (-4)/22 + (-6)/(-33). Is g(q) prime?
True
Is 9/15*((-268329)/(-6))/(3/30) prime?
False
Suppose -2 = 3*s + 2*o - 19, o = 2*s - 9. Suppose 10 = -5*j, -3*j + 16 = s*g - 6*j. Suppose -g*x = -2*a - 15798, 8234 - 327 = x + a. Is x a prime number?
False
Is (-7)/(-7) - -2085*138 a prime number?
True
Suppose -3*s + 44027 = 3*j - 51610, -8 = -4*s. Is j prime?
False
Let w = 2555 + 1475. Suppose -4*c + w = -2526. Is c a composite number?
True
Suppose 471303 = -0*q - 7*q. Is (-3)/(2/(-6) + (-22416)/q) composite?
False
Let u(k) = -2844*k + 5397. Is u(-101) composite?
True
Let j(w) = -4*w + 60. Let t be j(13). Suppose -36474 = -t*h + 2*h. Is h a prime number?
True
Let j be 33/11 + (-3)/(-4 - -1). Suppose 0 = -2*z - 4*g + 24161 - 831, 3*z + j*g - 34987 = 0. Is z a prime number?
True
Suppose 12 = -s + 14. Let b be s/(-5) - 16/(-40). Suppose 370 = 5*z - b*z. Is z composite?
True
Let d = -1718 - -1718. Let c(r) = -2528*r**3 + 2*r**2 + r. Let p be c(-1). Suppose d = -8*f + 2383 + p. Is f composite?
True
Suppose -5*f + 7 = 2*b - 31, 3*f + b = 22. Let a = f - -11. Suppose -9*w - 24952 = -a*w. Is w prime?
True
Suppose -165*b = -168*b - 9684. Let p = b + 6149. Is p a prime number?
False
Suppose 9763940 = -12861*y + 12881*y. Is y prime?
True
Let f be 3555/(-1) - (-1 - (-1 - 5)). Let t = f - -7269. Is t prime?
True
Let z(i) be the second derivative of 11*i**3/6 + 14419*i**2/2 + 31*i + 4. Is z(0) a prime number?
True
Let k = -168793 - -319347. Is k a prime number?
False
Let m(g) = -g**3 - 7*g**2 - 6*g + 6. Let t be m(-6). Suppose -3*n - t = -2*u - n, -3*u + 4*n = -7. Suppose -w = -u*w + 332. Is w a prime number?
True
Let j be -2 + 1374*(68/(-6) - -3). Let p = 7174 + j. Is p/(-54) - 4/18 composite?
False
Suppose -197042 + 1247430 = 20*r + 77448. Is r composite?
False
Let o(a) = 2*a**3 - 9*a**2 - 3*a + 2. Let y be o(5). Let j(z) = -2*z**3 + 20*z**2 - 26*z - 23. Let n be j(y). Let k = -442 - n. Is k composite?
True
Suppose 2*l + 2 = 0, -7*o + 6*o + 4*l + 15 = 0. Suppose -o*k + 1848 = 3*k. Suppose -4*z + k + 1664 = 0. Is z a prime number?
True
Let k(q) = 110887*q + 5458. Is k(3) a composite number?
False
Suppose d - 18 = -d. Suppose -d*l = -8*l - 4. Suppose 4*s + p = 7796, l*s + 3*p = 6265 + 1531. Is s composite?
False
Let r = 107 - 135. Let l be ((-80)/r)/(2/2807). Suppose 6*q + l - 22232 = 0. Is q a prime number?
True
Suppose -3*y = 2*u + 5713, u = 6 - 2. Let p = 3666 + y. Is p composite?
False
Let u(w) = 11041*w + 617. Is u(14) a prime number?
True
Let h(a) = a**3 - 59*a**2 + 332*a + 49. Is h(54) composite?
True
Let c(j) = 99*j**2 - j - 9. Let m(a) = 297*a**2 - 4*a - 26. Let v(t) = -11*c(t) + 4*m(t). Let f(h) = -h - 1. Let i(x) = -4*f(x) + v(x). Is i(-2) a prime number?
True
Let f(v) = 1047*v - 8. Let j(z) = 1047*z - 8. Let w(n) = -2*f(n) + 3*j(n). Is w(7) composite?
False
Suppose 0 = 12*l + 106 - 22. Is 1614/21 + (-1)/l a prime number?
False
Suppose 3*p = -4*i + 58861, 4*i - 5*p = 20735 + 38166. Is i prime?
False
Let g = 54 + -100. Let f = g - 129. Let k = f - -588. Is k composite?
True
Is ((-2)/8)/((-181)/76449332) a prime number?
False
Let p = -1956 - -7257. Let r = -2712 + p. Is r composite?
True
Suppose 2*l - 4*l = 4. Let r = l + 5. Suppose -3083 = -b - 2*b - 5*s, -r*b + 3087 = 3*s. Is b a prime number?
True
Let b(l) = -128375*l - 6182. Is b(-5) a prime number?
False
Let d(q) = 41*q - 10. Let z be d(2). Let y = z + -67. Suppose 0 = -b - 4*b - p + 11062, -6654 = -3*b + y*p. Is b prime?
True
Suppose 127*i - 7385312 - 16402677 = 0. Is i a composite number?
True
Let i = -219 - -218. Is ((-4)/6)/((-7383)/(-7389) + i) composite?
False
Suppose 71*c = -5*c + 9135428. Is c a composite number?
True
Let u be (6 - (15 - 4)) + 3879. Suppose -u = -12*x - 70. Is x a composite